mainder when 308 is divided by 98.
14
Calculate the remainder when 297 is divided by 12.
9
What is the remainder when 2042 is divided by 47?
21
What is the remainder when 8390 is divided by 23?
18
What is the remainder when 5261 is divided by 7?
4
Calculate the remainder when 13919 is divided by 24.
23
What is the remainder when 663 is divided by 40?
23
What is the remainder when 219 is divided by 6?
3
What is the remainder when 42 is divided by 26?
16
Calculate the remainder when 1750 is divided by 12.
10
Calculate the remainder when 2428 is divided by 90.
88
Calculate the remainder when 48 is divided by 29.
19
What is the remainder when 3570 is divided by 18?
6
What is the remainder when 1830 is divided by 39?
36
Calculate the remainder when 2264 is divided by 22.
20
What is the remainder when 321 is divided by 221?
100
Calculate the remainder when 1410 is divided by 469.
3
What is the remainder when 74 is divided by 31?
12
Calculate the remainder when 1154 is divided by 61.
56
What is the remainder when 298 is divided by 5?
3
Calculate the remainder when 1230 is divided by 282.
102
Calculate the remainder when 3212 is divided by 230.
222
Calculate the remainder when 82 is divided by 45.
37
Calculate the remainder when 106 is divided by 25.
6
What is the remainder when 1799 is divided by 45?
44
Calculate the remainder when 64 is divided by 48.
16
What is the remainder when 552 is divided by 7?
6
What is the remainder when 82 is divided by 12?
10
Calculate the remainder when 392 is divided by 142.
108
Calculate the remainder when 9416 is divided by 60.
56
Calculate the remainder when 121 is divided by 31.
28
Calculate the remainder when 8854 is divided by 253.
252
What is the remainder when 94 is divided by 4?
2
What is the remainder when 970 is divided by 142?
118
Calculate the remainder when 76036 is divided by 29.
27
What is the remainder when 602 is divided by 122?
114
Calculate the remainder when 359 is divided by 175.
9
What is the remainder when 136 is divided by 33?
4
Calculate the remainder when 628 is divided by 44.
12
Calculate the remainder when 2672 is divided by 223.
219
What is the remainder when 7 is divided by 5?
2
What is the remainder when 1468 is divided by 13?
12
What is the remainder when 527 is divided by 88?
87
What is the remainder when 151 is divided by 14?
11
What is the remainder when 7467 is divided by 45?
42
Calculate the remainder when 1594 is divided by 318.
4
What is the remainder when 5603 is divided by 933?
5
What is the remainder when 202 is divided by 42?
34
Calculate the remainder when 525 is divided by 59.
53
What is the remainder when 1887 is divided by 15?
12
What is the remainder when 46 is divided by 3?
1
Calculate the remainder when 122 is divided by 5.
2
Calculate the remainder when 24 is divided by 3.
0
What is the remainder when 385 is divided by 133?
119
What is the remainder when 766 is divided by 77?
73
What is the remainder when 391 is divided by 78?
1
Calculate the remainder when 349 is divided by 23.
4
What is the remainder when 235 is divided by 131?
104
What is the remainder when 1441 is divided by 13?
11
Calculate the remainder when 1294 is divided by 164.
146
Calculate the remainder when 18 is divided by 17.
1
Calculate the remainder when 143 is divided by 16.
15
Calculate the remainder when 1000 is divided by 331.
7
Calculate the remainder when 5536 is divided by 142.
140
Calculate the remainder when 572 is divided by 16.
12
Calculate the remainder when 37 is divided by 20.
17
What is the remainder when 178 is divided by 37?
30
What is the remainder when 2156 is divided by 2156?
0
Calculate the remainder when 274 is divided by 261.
13
What is the remainder when 1276 is divided by 135?
61
Calculate the remainder when 736 is divided by 29.
11
What is the remainder when 125 is divided by 35?
20
What is the remainder when 1499 is divided by 178?
75
What is the remainder when 133 is divided by 45?
43
Calculate the remainder when 222 is divided by 8.
6
Calculate the remainder when 664 is divided by 77.
48
What is the remainder when 112 is divided by 76?
36
What is the remainder when 273 is divided by 44?
9
What is the remainder when 798 is divided by 200?
198
What is the remainder when 230 is divided by 106?
18
What is the remainder when 356 is divided by 96?
68
Calculate the remainder when 4483 is divided by 22.
17
What is the remainder when 24 is divided by 16?
8
What is the remainder when 170 is divided by 50?
20
What is the remainder when 81 is divided by 38?
5
Calculate the remainder when 187 is divided by 97.
90
Calculate the remainder when 356 is divided by 79.
40
Calculate the remainder when 4920 is divided by 37.
36
Calculate the remainder when 74 is divided by 26.
22
What is the remainder when 3306 is divided by 77?
72
Calculate the remainder when 137 is divided by 10.
7
Calculate the remainder when 84 is divided by 24.
12
What is the remainder when 483 is divided by 234?
15
Calculate the remainder when 281 is divided by 61.
37
Calculate the remainder when 289 is divided by 74.
67
What is the remainder when 559 is divided by 70?
69
Calculate the remainder when 625 is divided by 199.
28
What is the remainder when 4056 is divided by 41?
38
What is the remainder when 212 is divided by 9?
5
Calculate the remainder when 83 is divided by 71.
12
Calculate the remainder when 3621 is divided by 1205.
6
Calculate the remainder when 3787 is divided by 17.
13
What is the remainder when 4740 is divided by 42?
36
Calculate the remainder when 553 is divided by 13.
7
What is the remainder when 6406 is divided by 13?
10
What is the remainder when 246 is divided by 97?
52
What is the remainder when 64 is divided by 11?
9
What is the remainder when 599 is divided by 119?
4
Calculate the remainder when 2404 is divided by 29.
26
Calculate the remainder when 162 is divided by 23.
1
Calculate the remainder when 2033 is divided by 113.
112
What is the remainder when 180 is divided by 149?
31
What is the remainder when 505 is divided by 27?
19
Calculate the remainder when 548 is divided by 30.
8
Calculate the remainder when 544 is divided by 30.
4
Calculate the remainder when 790 is divided by 236.
82
What is the remainder when 841 is divided by 177?
133
What is the remainder when 196 is divided by 11?
9
What is the remainder when 1680 is divided by 95?
65
Calculate the remainder when 80 is divided by 13.
2
Calculate the remainder when 311 is divided by 27.
14
What is the remainder when 1661 is divided by 52?
49
Calculate the remainder when 843 is divided by 219.
186
Calculate the remainder when 211 is divided by 25.
11
Calculate the remainder when 259 is divided by 26.
25
Calculate the remainder when 156 is divided by 39.
0
What is the remainder when 263 is divided by 11?
10
What is the remainder when 67 is divided by 16?
3
What is the remainder when 61 is divided by 16?
13
Calculate the remainder when 322 is divided by 13.
10
What is the remainder when 292 is divided by 85?
37
What is the remainder when 174 is divided by 121?
53
What is the remainder when 535 is divided by 271?
264
What is the remainder when 447 is divided by 65?
57
Calculate the remainder when 18 is divided by 5.
3
What is the remainder when 3334 is divided by 12?
10
What is the remainder when 4218 is divided by 192?
186
What is the remainder when 13438 is divided by 60?
58
Calculate the remainder when 270 is divided by 235.
35
What is the remainder when 324 is divided by 93?
45
Calculate the remainder when 515 is divided by 131.
122
Calculate the remainder when 548 is divided by 5.
3
Calculate the remainder when 390 is divided by 315.
75
What is the remainder when 388 is divided by 65?
63
What is the remainder when 3243 is divided by 59?
57
What is the remainder when 623 is divided by 52?
51
What is the remainder when 174 is divided by 60?
54
What is the remainder when 84 is divided by 52?
32
What is the remainder when 73 is divided by 35?
3
What is the remainder when 2796 is divided by 40?
36
Calculate the remainder when 220 is divided by 30.
10
What is the remainder when 280 is divided by 59?
44
Calculate the remainder when 81 is divided by 41.
40
Calculate the remainder when 141 is divided by 32.
13
What is the remainder when 7